011 (base 2) to base 7.
-454
What is -1605 (base 7) in base 13?
-3a5
What is -6223 (base 8) in base 15?
-e49
Convert -2102001 (base 3) to base 10.
-1756
Convert 878 (base 11) to base 2.
10000011101
What is 1575 (base 8) in base 13?
539
What is 1a21 (base 13) in base 7?
14261
Convert -1137 (base 10) to base 2.
-10001110001
Convert 721 (base 16) to base 11.
140a
-1f4 (base 16) to base 2
-111110100
Convert -784 (base 13) to base 3.
-1202211
What is -30333112 (base 4) in base 10?
-53206
Convert 1d (base 14) to base 12.
23
What is 31300201 (base 4) in base 16?
dc21
Convert -2235 (base 14) to base 5.
-142202
673 (base 15) to base 3
2000000
-22320 (base 4) to base 12
-4a0
What is -598 (base 10) in base 8?
-1126
-1976 (base 10) to base 2
-11110111000
Convert 1000111100011 (base 2) to base 5.
121304
-282 (base 13) to base 2
-110111100
-215 (base 15) to base 8
-726
-1617 (base 11) to base 7
-6023
307 (base 13) to base 14
28a
What is 240014 (base 5) in base 11?
6643
Convert 40227 (base 8) to base 16.
4097
What is -1101100101 (base 2) in base 6?
-4005
22a4 (base 11) to base 8
5712
Convert -12a (base 15) to base 2.
-100001001
22d7 (base 14) to base 10
6069
Convert 5352 (base 6) to base 8.
2304
Convert 7e4 (base 15) to base 11.
1387
Convert 481 (base 11) to base 10.
573
What is -20222 (base 6) in base 8?
-5166
-b7d (base 15) to base 16
-a21
30100330 (base 4) to base 12
250a4
What is -26 (base 14) in base 5?
-114
-100110010111 (base 2) to base 8
-4627
What is 10120122 (base 3) in base 11?
1a62
What is -35 (base 9) in base 4?
-200
What is -1377 (base 15) in base 8?
-10102
Convert -34120 (base 6) to base 9.
-6523
Convert 152 (base 14) to base 12.
1a4
10001110011 (base 2) to base 3
1120012
523110 (base 6) to base 4
22102302
What is 10022 (base 4) in base 3?
100212
Convert 5746 (base 11) to base 12.
4454
4540 (base 8) to base 6
15040
What is -1ff2 (base 16) in base 3?
-102012220
What is 267 (base 12) in base 14?
1c3
Convert -63c (base 15) to base 6.
-10303
542 (base 11) to base 12
463
What is 99a (base 12) in base 11?
1076
-bf7 (base 16) to base 13
-1518
11133 (base 5) to base 15
37d
Convert -24346 (base 10) to base 12.
-1210a
-333132 (base 4) to base 16
-fde
-111010100111 (base 2) to base 12
-2207
What is -28b (base 14) in base 3?
-201002
What is 54536 (base 8) in base 13?
a54b
What is 110102 (base 3) in base 13?
1ca
Convert -15333 (base 6) to base 13.
-11a9
4c1 (base 14) to base 13
584
1220211 (base 4) to base 15
1eb3
Convert -213204 (base 6) to base 3.
-220002211
-213 (base 15) to base 3
-122100
What is 22 (base 16) in base 7?
46
What is 114c2 (base 14) in base 6?
522550
What is -53922 (base 10) in base 6?
-1053350
Convert -11010101000110 (base 2) to base 8.
-32506
Convert -112214 (base 8) to base 14.
-dc04
What is -1040 (base 7) in base 3?
-111202
Convert -36b (base 15) to base 9.
-1052
What is -31442 (base 8) in base 3?
-122221211
Convert -b5 (base 14) to base 13.
-c3
Convert c2d (base 14) to base 7.
6656
What is -1243 (base 7) in base 12?
-334
Convert 1099 (base 10) to base 12.
777
Convert -2778 (base 13) to base 5.
-140201
Convert 6244 (base 8) to base 2.
110010100100
2881 (base 10) to base 11
218a
Convert -43000 (base 6) to base 2.
-1011011001000
What is -724 (base 10) in base 11?
-5a9
What is 11755 (base 12) in base 11?
16758
Convert -4a93 (base 14) to base 4.
-3030021
What is -6b2c (base 16) in base 7?
-142663
Convert -211001 (base 4) to base 13.
-1103
2021012012 (base 3) to base 10
44609
Convert -1523 (base 7) to base 6.
-2445
Convert 86 (base 12) to base 3.
10210
Convert 201001 (base 3) to base 8.
1002
What is -18506 (base 9) in base 16?
-3204
Convert -3f2e (base 16) to base 15.
-4bd4
What is 899 (base 10) in base 14?
483
Convert -1000012 (base 3) to base 10.
-734
1111112 (base 3) to base 16
446
What is 1100111000000 (base 2) in base 14?
258c
What is -232 (base 10) in base 14?
-128
Convert -3202 (base 5) to base 6.
-1551
224 (base 16) to base 10
548
Convert 113320 (base 4) to base 9.
2077
2055 (base 9) to base 6
10552
What is 28de (base 15) in base 4?
2020313
Convert 10221002 (base 3) to base 13.
13c4
Convert -5218 (base 15) to base 2.
-100001111000100
Convert 545 (base 8) to base 16.
165
What is -1000022121 (base 3) in base 6?
-232111
Convert -44443 (base 10) to base 5.
-2410233
Convert -296 (base 15) to base 9.
-726
What is 22311 (base 4) in base 14?
377
Convert 31116 (base 8) to base 14.
499c
-353010 (base 6) to base 15
-905c
What is 22067 (base 8) in base 14?
3543
731 (base 16) to base 4
130301
What is 1253 (base 7) in base 6?
2115
Convert -106603 (base 7) to base 10.
-19162
Convert -130031 (base 4) to base 12.
-1065
537 (base 14) to base 11
856
-13023 (base 5) to base 11
-841
Convert -57 (base 14) to base 13.
-5c
8 (base 11) to base 10
8
What is 2505 (base 6) in base 15?
2b2
What is 10000111110 (base 2) in base 9?
1436
Convert 3501 (base 11) to base 5.
121344
What is 1cd5 (base 16) in base 9?
11111
Convert 10001010 (base 2) to base 9.
163
What is -1221210 (base 3) in base 2?
-10110010001
-3df4 (base 16) to base 7
-64145
Convert -100101111100 (base 2) to base 13.
-114a
What is 1653 (base 11) in base 15?
960
What is 1076 (base 10) in base 2?
10000110100
Convert 111100100111 (base 2) to base 10.
3879
2002010222 (base 3) to base 7
230222
-1001111111010000 (base 2) to base 5
-2302122
What is 6c0 (base 14) in base 5?
20334
-10122320 (base 4) to base 7
-103532
1310 (base 15) to base 8
7741
Convert -2042 (base 8) to base 13.
-635
What is -10001 (base 4) in base 6?
-1105
What is -43730 (base 9) in base 13?
-10299
-71a (base 12) to base 6
-4434
-111425 (base 6) to base 15
-2bee
Convert -996 (base 15) to base 8.
-4166
Convert 111001 (base 5) to base 11.
2a04
What is -3143 (base 7) in base 15?
-4de
What is 1424 (base 10) in base 9?
1852
Convert 210020220 (base 3) to base 6.
155423
Convert -30232013 (base 4) to base 7.
-304622
What is -782 (base 12) in base 16?
-452
Convert -22011121 (base 3) to base 11.
-4525
Convert 1743 (base 9) to base 5.
20320
Convert 2558 (base 16) to base 9.
14102
Convert 633 (base 9) to base 4.
20010
5555 (base 16) to base 3
1002222002
9da7 (base 15) to base 10
33457
What is adc3 (base 14) in base 10?
30159
-13253 (base 6) to base 12
-1229
What is 2c0 (base 13) in base 10?
494
Convert 13036 (base 7) to base 11.
2663
Convert -98a (base 11) to base 15.
-542
Convert -84152 (base 9) to base 11.
-387a4
32403 (base 5) to base 14
b52
10011010001001 (base 2) to base 4
2122021
-20123003 (base 4) to base 7
-202403
What is 2232220 (base 5) in base 16?
9b05
Convert -34343 (base 5) to base 15.
-aed
Convert 12111211 (base 3) to base 12.
23aa
What is 130016 (base 7) in base 11?
1705a
Convert -1b296 (base 12) to base 9.
-61056
What is -ca (base 15) in base 9?
-231
1001110110101111 (base 2) to base 7
225455
Convert 2120101 (base 4) to base 15.
2d4a
-3111232 (base 4) to base 11
-a305
30d (base 16) to base 2
1100001101
What is 43e3 (base 16) in base 2?
100001111100011
Convert -20 (base 16) to base 5.
-112
What is -7270 (base 8) in base 7?
-13662
What is 530 (base 8) in base 14?
1a8
What is -13242 (base 12) in base 16?
-6692
Convert 51 (base 13) to base 3.
2110
Convert -507 (base 15) to base 6.
-5124
11139 (base 12) to base 16
587d
Convert -153040 (base 6) to base 5.
-434203
Convert 1111100101011 (base 2) to base 4.
1330223
What is -75 (base 12) in base 3?
-10022
What is 233202 (base 4) in base 15?
d7c
3711 (base 11) to base 7
20101
51004 (base 6) to base 16
1a2c
-141 (base 10) to base 15
-96
Convert -43 (base 8) to base 11.
-32
What is -742 (base 8) in base 3?
-122212
What is 2683 (base 16) in base 15?
2dc4
1013230 (base 4) to base 13
211c
What is -21aa (base 11) in base 12?
-181b
Convert -11112202 (base 3) to base 16.
-cf2
32430 (base 7) to base 3
102010020
What is -4017 (base 11) in base 14?
-1d38
What is 78574 (base 10) in base 6?
1403434
-1122122 (base 4) to base 7
-22604
Convert -523 (base 8) to base 13.
-201
-10000110 (base 2) to base 6
-342
-4ca (base 13) to base 9
-1135
11000011001 (base 2) to base 7
4360
Convert 15140 (base 10) to base 9.
22682
Convert -706 (base 8) to base 11.
-383
1b0e (base 15) to base 8
13350
Convert -1010111010 (base 2) to base 6.
-3122
What is -cd (base 15) in base 10?
-193
4275 (base 9) to base 14
120a
2123 (base 8